(a) = -a**3 + 4*a**2 - 2*a - 2. Let i be u(3). Let d = 12 + 1. Suppose -d + i = -2*w. List the prime factors of w.
2, 3
Let y = -43 + 81. List the prime factors of y.
2, 19
Let f be (-6 + 1)/(1 + 0). Let w = f + -1. Let q(s) = s**2 + 6*s + 6. What are the prime factors of q(w)?
2, 3
Suppose -3*l = -1 - 17. Suppose -k - 20 = -l*k. What are the prime factors of k?
2
Let h(y) = 4*y + y**2 + 3 + 1 - 6. List the prime factors of h(-5).
3
Suppose -r + 118 = 6*w - 5*w, -5*r + w + 596 = 0. What are the prime factors of r?
7, 17
Let g = -2 - -1. Let f be g + -1 + -5 + 42. Let u = 49 - f. List the prime factors of u.
2, 7
Let n = 1008 - 645. List the prime factors of n.
3, 11
Suppose -4*o = 2*y - 16 - 4, -3*o = 5*y - 22. Suppose -y*x = -3*x + 10. What are the prime factors of x?
2, 5
Let v = -4 + 8. Let r = v - -23. Suppose -2*p - p = -r. List the prime factors of p.
3
Let g = -10 - -14. Suppose w - g*w + 9 = 0. Suppose 17 = w*y - 10. List the prime factors of y.
3
Let d = 14 + -2. List the prime factors of d.
2, 3
Let c(t) = 11*t**2 + 5*t. List the prime factors of c(-2).
2, 17
Suppose 3*r + 0*r - 9 = 0. Suppose 0*i - 2*i = 0, r*z + 5*i = 0. Suppose -80 = -5*h - z*h. What are the prime factors of h?
2
Let s be 2 - 3 - (28 + -2). What are the prime factors of s/(-6)*6/9?
3
What are the prime factors of ((-82)/(-5))/(5*(-3)/(-75))?
2, 41
Let c(p) = p**2 + 6. Let f be c(0). What are the prime factors of (1 - f)*(-8 + 7)?
5
Let j(d) be the second derivative of 7*d**4/6 + d**2/2 + 2*d. List the prime factors of j(-1).
3, 5
Let x(h) = -h - 1. Let c be x(1). Let p be (c/(-3))/((-1)/(-3)). List the prime factors of 10 + (p - 0) + -1.
11
Let p be 1 + (-2)/(6/9). Let f be 176/(-18) + p/9. Let k = -7 - f. List the prime factors of k.
3
Suppose 176 = 3*v - 193. List the prime factors of v.
3, 41
Suppose -2*b - b = -15. Suppose -3*v + 3 = -b*z - 3, 0 = 3*v + z + 12. What are the prime factors of (9/v - -3) + 17?
17
Suppose -2*u = -40 - 108. What are the prime factors of u?
2, 37
Suppose -2*u = u - 12. Suppose -3*i + 78 = p, p - 4*i = i + 54. Suppose p = 5*k + u. List the prime factors of k.
13
Let p be 0*(1 + (-9)/6). Suppose -t + r = 1, 0 = 3*t - p*t - 4*r + 8. Suppose 44 = t*m + 8. List the prime factors of m.
3
Let z(w) = 18*w. Let n be z(1). Suppose q - n = 13. List the prime factors of q.
31
Suppose 0 = 3*u - 29 - 10. What are the prime factors of u?
13
Suppose 0 = 2*c - 21 - 21. List the prime factors of c.
3, 7
Let j(w) = -30*w - 3. List the prime factors of j(-2).
3, 19
Let c(h) be the first derivative of 2*h**2 - 3*h - 5. What are the prime factors of c(6)?
3, 7
Let t = -4 - -6. Suppose -j = i - 2, 0 = -i + 6*i - 3*j - 18. Suppose -i*b - t*b = -60. List the prime factors of b.
2, 3
Let a(u) = -u**2 - u + 1. Let m(g) = 8*g**2 + g - 2. Let i(w) = 3*a(w) + m(w). What are the prime factors of i(1)?
2
Let s = -7 - -47. Suppose -59 = -3*x + s. Suppose 0 = l - 4*w - 6, 5*l + 4*w - x = 45. List the prime factors of l.
2, 7
Let q(o) = -6*o + 3. Let y(u) = 11*u - 5. Let z(g) = 5*q(g) + 3*y(g). What are the prime factors of z(1)?
3
What are the prime factors of (48/(-30))/((-4)/10)?
2
Let k = 1 - 1. Let y be (k - 1)/(9/(-27)). List the prime factors of ((-2)/y)/(2/(-39)).
13
List the prime factors of (-10)/(-25) + (-966)/(-10).
97
Let m = -102 - -178. List the prime factors of m.
2, 19
Let s(w) = -17*w**3 - 2*w**2 + w - 1. What are the prime factors of s(-2)?
5
Let i be ((-10)/4)/(1/(-2)). Suppose 2*c + i = 15. What are the prime factors of c?
5
Let p = -9 - -47. Suppose w = -5*y + 79, -2*y + w = 3*w - p. List the prime factors of y.
3, 5
Suppose -b = 2*c + 640, 2*b - 2*c + 1450 - 146 = 0. List the prime factors of 4/14 - b/84.
2
Suppose 8*f - 5*f - 102 = 0. List the prime factors of f.
2, 17
Let v = -7 + 6. What are the prime factors of (-20)/(-2) - v*1?
11
Let o(q) be the first derivative of q**4/2 - q**3 + 3*q**2/2 + 4. What are the prime factors of o(2)?
2, 5
Suppose -2 = -6*g + 4*g, -4*g + 14 = 5*f. Let w(n) = -6*n - 4*n - n**2 + 0*n - f. List the prime factors of w(-8).
2, 7
Suppose 0 = -4*q + 7*q - 732. What are the prime factors of q?
2, 61
Let b(a) = a**2 + 11*a + 19. What are the prime factors of b(-13)?
3, 5
Let i be (-70)/(-25)*(6 + -1). Let j = i - 11. What are the prime factors of j?
3
Let y(s) = -3*s + 3. Let w be y(3). Let x = -8 + -1. Let u = w - x. What are the prime factors of u?
3
Let m = 281 - 196. List the prime factors of m.
5, 17
Let b(j) = 1 + 4*j - 5*j + 2 - 2. Let m be b(1). Suppose -2*g + 7 + 5 = m. List the prime factors of g.
2, 3
Suppose -4*y - 4 = -3*t, t = 4*t + 4*y + 4. Suppose 3*v - 101 - 7 = t. What are the prime factors of v?
2, 3
Let u = -21 + 35. Let t = u - 8. What are the prime factors of t?
2, 3
Suppose -4*t + 69 = 3*x, -3*t + 53 = 2*x - x. Suppose -t - 34 = -4*m. What are the prime factors of m?
13
Let s(o) = -15*o - 6. List the prime factors of s(-8).
2, 3, 19
Suppose 0 = 4*o - 63 - 53. Suppose -o - 26 = -5*v. What are the prime factors of v?
11
Let i = -3 + 7. Let u(v) = 0*v**3 - 3*v**2 + 3 + i*v + 0 + 3 - v**3. What are the prime factors of u(-4)?
2, 3
Let b(o) = 12*o**2 + 2*o - 1. List the prime factors of b(1).
13
Let c(g) = g - 2. Let l = -6 + 10. Let n be (l/3)/(2/9). What are the prime factors of c(n)?
2
Let p(f) be the first derivative of 3*f**2/2 - 10*f - 1. What are the prime factors of p(7)?
11
Suppose -16*m + 1190 = -11*m. List the prime factors of m.
2, 7, 17
Let z(n) = 5*n**2 + 6*n + 21. Let v(c) = c**2 + c + 4. Let f(x) = 11*v(x) - 2*z(x). Let u be f(0). Suppose -u*q = 2*q - 52. What are the prime factors of q?
13
Suppose -5*r - 12 = -2. Let j(x) = -7*x + 2. Let z(d) = 15*d - 4. Let f(i) = r*z(i) - 5*j(i). What are the prime factors of f(2)?
2
Let z be -1*(3 - -2) + -3. Let d(w) = -w**2 - 8*w + 3. List the prime factors of d(z).
3
Suppose -12*y + 1296 = -8*y - o, 0 = -3*y + o + 972. List the prime factors of y.
2, 3
List the prime factors of ((-676)/8 + 2)*(-4)/6.
5, 11
Let g be ((-1)/(-2))/(2/(-60)). Let b(s) = -190*s**3 - s**2 + 1. Let h be b(1). List the prime factors of h/g - 2/3.
2, 3
Let l(q) be the first derivative of q**3 + q**2 + 3*q + 3. What are the prime factors of l(-2)?
11
Let i = 4 + 16. What are the prime factors of i?
2, 5
Let d = -25 - -295. List the prime factors of d.
2, 3, 5
Suppose -2*z + 22 = 4*b, b + 3*b = -4*z + 32. Suppose 4*y - b*c - 22 = 10, y - 3*c = -1. List the prime factors of y.
11
What are the prime factors of (-126)/(-9)*((-19)/(-2) - 1)?
7, 17
Let c = 5 - 2. Let d = c + 0. List the prime factors of 5*(-3)/(-9)*d.
5
Let x(r) = -r**3 - 10*r**2 - 15*r - 23. What are the prime factors of x(-9)?
31
Let d = -250 - -353. What are the prime factors of d?
103
Let s be (-2 - 1)*1*-1. Suppose -38 = -3*k - 2*p, p + 4 = s*k - 22. What are the prime factors of k?
2, 5
Let s(c) = -3 - 4*c + 0*c - 2*c + 0. What are the prime factors of s(-2)?
3
Suppose 3*f - 57 = -5*a + 25, 5*f = 3*a + 182. What are the prime factors of f?
2, 17
Suppose -675 = 11*a - 16*a. What are the prime factors of a?
3, 5
Let a(w) = -w**3 - 2*w**2 - 2*w. What are the prime factors of a(-3)?
3, 5
Suppose -4*u + 8 = -20. Suppose 236 = u*o - 65. List the prime factors of o.
43
Let n be (3*2)/(3 - 2). Suppose 0 = 4*m - n - 14. Suppose g = 3*g + 10, 0 = 4*v - m*g - 93. List the prime factors of v.
17
Let k(f) be the first derivative of f**3/3 - 3. What are the prime factors of k(6)?
2, 3
Let o(i) = i**2 - 2*i - 7. What are the prime factors of o(-6)?
41
Let g(t) = 7*t - 1. Let y be -3 - 3*(-4)/(-3). Let h = -5 - y. What are the prime factors of g(h)?
13
Suppose -4*z = 2*b + 90, -b - 4*z - 27 = 18. Let v = b - -66. List the prime factors of v.
3, 7
Let o(p) = -p**3 - 7*p**2 - 6*p + 5. Let a be o(-6). Suppose r + 3*m = -6, 0 = a*r - 3*m - 7 + 1. Suppose r*y = y - 7. List the prime factors of y.
7
Let w = -1 + 3. Suppose -j - w*k = -7, -3*k - 5 = -j - 3. Suppose j*t - 14 = 3*t - 3*m, m = -2*t + 10. List the prime factors of t.
2
Suppose 0 = 5*c - 0*c - 10. Let y = 1 - c. Let j = y - -8. List the prime factors of j.
7
Let j = 105 - 150. What are the prime factors of (-2828)/(-60) - (-6)/j?
47
Suppose 23 = 6*r - 2*r - 5*y, 4 = 5*r + 2*y. Suppose -8 = g - 3*g. List the prime factors of (26/4)/(r/g).
13
Suppose -9*m - 4*w = 